?
True
Does 111 divide 361301448?
True
Is 52 a factor of 1728425211?
False
Does 86 divide 366123853?
False
Does 68 divide 102521158?
False
Does 400 divide 3187577200?
True
Does 36 divide 546863616?
True
Does 89 divide 4581512?
False
Is 143 a factor of 1236065?
False
Is 32 a factor of 3172800?
True
Does 13 divide 63695359?
True
Does 54 divide 24456547?
False
Does 22 divide 679549360?
False
Does 4 divide 74056595?
False
Does 22 divide 51730879?
False
Is 14 a factor of 8805646?
False
Is 649 a factor of 37489068?
False
Does 512 divide 2283364352?
True
Does 11 divide 2139822506?
False
Is 406721965 a multiple of 65?
True
Is 113 a factor of 3118245848?
True
Does 18 divide 270503685?
False
Is 2325992916 a multiple of 8?
False
Is 828 a factor of 76348224?
True
Is 1561878108 a multiple of 42?
True
Does 14 divide 3076781?
False
Is 175 a factor of 7857850?
True
Is 317569714 a multiple of 809?
True
Does 1452 divide 3651968760?
True
Is 571 a factor of 42108999?
False
Is 124718232 a multiple of 393?
False
Is 3835 a factor of 238318405?
True
Is 25372288 a multiple of 122?
False
Is 4926805110 a multiple of 2991?
True
Is 258 a factor of 458986249?
False
Is 23 a factor of 19227954?
True
Is 8860137 a multiple of 12?
False
Does 187 divide 130343114?
True
Does 105 divide 755017515?
True
Is 89 a factor of 4493048?
False
Is 896180115 a multiple of 52?
False
Does 9 divide 4593033?
True
Does 73 divide 158460420?
False
Is 71187886 a multiple of 713?
False
Is 117039240 a multiple of 30?
True
Does 6 divide 12844182?
True
Does 74 divide 39031605?
False
Is 3 a factor of 6882061?
False
Is 1255 a factor of 52258200?
True
Does 145 divide 74037145?
True
Is 43981926 a multiple of 540?
False
Is 2170775244 a multiple of 4195?
False
Is 1652196898 a multiple of 908?
False
Is 930 a factor of 24969276?
False
Is 296382873 a multiple of 790?
False
Is 233 a factor of 239253335?
False
Does 28 divide 46034330?
False
Is 627 a factor of 17717167?
False
Is 3136 a factor of 552314834?
False
Is 179 a factor of 34390912?
True
Is 78016950 a multiple of 1650?
True
Does 59 divide 25967906?
True
Is 885 a factor of 236204730?
True
Is 200 a factor of 17259600?
True
Does 433 divide 8260107?
False
Is 3113 a factor of 240407651?
True
Is 511721188 a multiple of 2518?
False
Is 16210 a factor of 2177505510?
True
Is 48134817 a multiple of 26?
False
Is 16476872 a multiple of 116?
True
Does 1712 divide 111048880?
True
Does 23 divide 338731807?
False
Is 34 a factor of 54414793?
False
Does 688 divide 469308287?
False
Is 42 a factor of 625465554?
True
Does 38 divide 1119178737?
False
Is 111 a factor of 4525755?
False
Is 434730940 a multiple of 2?
True
Is 7 a factor of 1646138468?
False
Does 872 divide 17016744?
False
Does 155 divide 374956586?
False
Is 4356778549 a multiple of 1580?
False
Is 19 a factor of 176835504?
False
Is 1480 a factor of 3148848728?
False
Does 20 divide 166323500?
True
Is 57 a factor of 620810979?
False
Is 577 a factor of 3913343248?
True
Is 6 a factor of 239850648?
True
Is 7154850 a multiple of 15?
True
Does 3 divide 274098226?
False
Is 1316 a factor of 42475216?
True
Does 679 divide 6120515?
False
Is 21517460 a multiple of 10?
True
Is 22034177 a multiple of 65?
False
Is 1267 a factor of 33277755?
True
Does 1464 divide 19695192?
True
Does 128 divide 52461696?
True
Is 270105379 a multiple of 134?
False
Does 57 divide 634644897?
True
Is 23 a factor of 24800716?
True
Is 131342412 a multiple of 1209?
False
Is 52 a factor of 32514404?
True
Is 243856704 a multiple of 43?
False
Is 72 a factor of 451487164?
False
Is 51613200 a multiple of 45?
True
Is 1135264 even?
True
Is 778 a factor of 39574881?
False
Is 1764304091 a multiple of 174?
False
Does 14 divide 25519478?
False
Does 171 divide 616302297?
True
Is 66530370 a multiple of 530?
True
Does 29 divide 42072724?
False
Does 208 divide 4873458?
False
Is 137 a factor of 196324201?
False
Does 294 divide 39378482?
False
Does 50 divide 160799750?
True
Is 33 a factor of 26304927?
True
Is 13 a factor of 16455761?
False
Is 834134153 a multiple of 5348?
False
Is 12 a factor of 1802354335?
False
Does 3 divide 1035966?
True
Does 7100 divide 2599579800?
True
Does 13 divide 534902471?
False
Is 7 a factor of 9358916?
True
Is 8524 a factor of 644533979?
False
Does 226 divide 116910252?
True
Does 22 divide 4732259?
False
Does 3995 divide 11676230?
False
Is 22 a factor of 5014822?
False
Does 2625 divide 14823375?
True
Does 21 divide 438597?
False
Is 15453404 a multiple of 101?
True
Does 129 divide 12621489?
True
Is 17 a factor of 16937768?
False
Is 28218960 a multiple of 4122?
False
Is 3850715 a multiple of 265?
True
Is 32232486 a multiple of 73?
False
Does 7 divide 3151785543?
False
Is 5637 a factor of 596157846?
True
Is 74324340 a multiple of 1819?
True
Is 108720689 a multiple of 3193?
False
Is 1426 a factor of 193560257?
False
Is 116119356 a multiple of 2298?
False
Is 16 a factor of 19835056?
True
Is 340197 a multiple of 61?
True
Is 404125541 a multiple of 124?
False
Is 25 a factor of 22469459?
False
Is 162 a factor of 38054448?
True
Does 204 divide 200664688?
False
Does 128 divide 204676763?
False
Is 2342636 a multiple of 75?
False
Is 866 a factor of 4394324673?
False
Does 5 divide 44359192?
False
Does 79 divide 16378353?
False
Does 5840 divide 2017895200?
True
Does 630 divide 13689900?
True
Is 1348392 a multiple of 12?
True
Is 43 a factor of 9922035?
True
Does 318 divide 397635150?
True
Is 2537730 a multiple of 405?
True
Is 366 a factor of 431340505?
False
Is 840896592 a multiple of 64?
False
Is 2193 a factor of 17252331?
True
Is 520 a factor of 13136228?
False
Does 193 divide 40650042?
False
Is 6 a factor of 252926118?
True
Is 179 a factor of 74219798?
False
Is 13 a factor of 187625216?
False
Does 1363 divide 26186450?
False
Is 11147486 a multiple of 3166?
True
Does 42 divide 36098064?
False
Does 53 divide 595492182?
False
Is 21232897 a multiple of 38?
False
Is 625597989 a multiple of 219?
False
Is 53116224 a multiple of 192?
True
Does 7 divide 43976401?
True
Is 1058 a factor of 47576144?
True
Does 5 divide 177929799?
False
Is 153 a factor of 2963533041?
True
Is 16193565 a multiple of 201?
True
Does 21 divide 1664728564?
False
Does 243 divide 8084740?
False
Does 619 divide 1905901?
True
Is 157 a factor of 61901489?
True
Is 448 a factor of 118688499?
False
Is 209151966 a multiple of 76?
False
Is 1477316724 a multiple of 39?
True
Does 2043 divide 613455696?
True
Is 28 a factor of 1899285481?
False
Does 21 divide 4109285502?
True
Is 180121191 a multiple of 31?
True
Is 327159107 a multiple of 236?
False
Does 18 divide 11386188?
True
Is 2117948817 a multiple of 227?
True
Does 933 divide 1028223846?
True
Is 58766586 a multiple of 493?
True
Is 32888503 a multiple of 416?
False
Does 5 divide 88989786?
False
Is 444952200 a multiple of 1400?
True
Is 149 a factor of 23231484?
True
Is 13549984 a multiple of 241?
True
Is 459612200 a multiple of 200?
True
Does 44 divide 150859764?
True
Is 8 a factor of 26525236?
False
Is 16935360 a multiple of 177?
True
Is 95 a factor of 229071098?
False
Is 111072390 a multiple of 11?
True
Is 22396748 a multiple of 44?
True
Does 117 divide 696737574?
True
Is 7014150 a multiple of 330?
True
Is 99920297 a multiple of 322?
False
Is 10 a factor of 24111490?
True
Does 1172 divide 324512347?
False
Is 324166230 a multiple of 7?
False
Does 38 divide 44402449?
False
Is 7267543 a multiple of 4?
False
Does 92 divide 4432560?
True
Is 564407537 a multiple of 47?
True
Is 53 a factor of 349733803?
True
Is 44 a factor of 74808140?
True
Is 237411840 a multiple of 768?
True
Is 482694246 a multiple of 25?
False
Is 35 a factor of 333685949?
False
Is 6 a factor of 21324036?
True
Is 1823482934 a multiple of 133?
True
Does 215 divide 1518703665?
False
Does 140 divide 1382947615?
False
Is 1286 a factor of 14689978?
True
Does 81 divide 2134285567?
False
Is 97779187 a multiple of 295?
False
Does 8 divide 1451521?
False
Does 44 divide 195833472?
False
Is 25 a factor of 37740550?
True
Is 99 a factor of 146622960?
True
Does 26 divide 208866684?
True
Is 104465400 a multiple of 236?
True
Does 57 divide 71286036?
False
Is 12 a factor of 170539872?
True
Is 79018660 a multiple of 917?
False
Is 10 a factor of 34879578?
False
Is 176110180 a multiple of 4795?
False
Is 94